 Let y(f) = -a(f) - 2*g(f). Determine y(6).
-4
Let f(d) = 367*d**3 - 4 + 363*d**3 + 7*d - 731*d**3 - 6*d**2. Let g = -135 + 128. Calculate f(g).
-4
Let d(l) = -9*l**2 - l. Let x(v) = -2*v**2 - 13*v + 46. Let t be x(-9). Calculate d(t).
-10
Let d(h) = -115 + 26 + 29 + 10*h + 30 + 34 - h**2. Let z(u) = 6*u**3 - u + 1. Let g be z(1). Calculate d(g).
28
Let x(t) = -t + 2. Let y(i) be the second derivative of -2*i**3/3 - 12*i**2 - 2*i. Let b be y(-7). Determine x(b).
-2
Let n(y) be the third derivative of y**4/6 + y**3/2 - 29*y**2. Let g(k) = -1 - 3 + 0*k + 0 - 3*k. Let x(s) = -3*g(s) - 2*n(s). Give x(-6).
0
Suppose 234 = -10*q + 214. Let s(a) = -6*a**3 + 7*a + 7. Let n(j) = -j**3 + j + 1. Let p(m) = -5*n(m) + s(m). Give p(q).
6
Let l(x) = x - 2. Let h be l(-2). Let y(c) = 11*c**3 + 23*c**2 + 18*c + 18. Let w(s) = 4*s**3 + 8*s**2 + 6*s + 6. Let d(v) = 8*w(v) - 3*y(v). Determine d(h).
2
Suppose 23*t + 51 = 143. Let q(z) = -5*z**2 - 9*z + 3. Let k(s) = 4*s**2 + 8*s - 3. Let u(j) = -6*k(j) - 5*q(j). What is u(t)?
7
Suppose 0 = 2*d - d - 19. Let t = 7 - d. Let r = t + 10. Let k(h) = 3*h. Calculate k(r).
-6
Suppose 0 = 22*x - 19*x + 12. Let w(s) = -6*s**2 - 3*s + 2. Let q(n) = n**2. Let k(z) = 5*q(z) + w(z). What is k(x)?
-2
Suppose 4*i - 23 = -5*m, 5*m - 4*m = i + 1. Let f(q) = -6*q**i - 6*q + 8*q + 8*q**2. Give f(2).
12
Let i(k) be the third derivative of k**4/24 + 5*k**3/6 + 7*k**2. Let t be i(8). Let x be (-880)/(-143) + (-2)/t. Let q(f) = f**3 - 5*f**2 - 9*f + 9. Give q(x).
-9
Let s(r) = 39*r + 25*r**3 - 8*r**2 - 8 - 24*r**3 + 30*r - 56*r. What is s(7)?
34
Let s(y) = 10*y**2 + y + 1. Let b(k) be the second derivative of -2*k**3/3 - 5*k**2/2 - 8*k. Let v be b(-8). Let n be ((-9)/v)/(2/6). Calculate s(n).
10
Suppose 5 - 2 = -3*n. Let v(z) be the third derivative of -1/20*z**6 - 21*z**2 + 0 + 1/60*z**5 + 0*z**4 + 0*z - 1/6*z**3. Calculate v(n).
6
Let w(d) be the third derivative of -d**7/5040 + d**6/90 - 7*d**5/30 + 15*d**2. Let k(c) be the third derivative of w(c). Determine k(-6).
14
Let g(c) be the first derivative of -25*c**4/4 - c**2/2 - 2*c - 104. What is g(-1)?
24
Let v(s) = -4*s**3 + 5*s**3 - 2*s**2 + 3 + 5*s**2. Let c = 4 - -1. Suppose 0 = -m - m, 15 = -c*n - 5*m. Calculate v(n).
3
Let z(d) be the first derivative of 3*d + 1/2*d**2 + 7. Calculate z(-7).
-4
Let v(w) = -3*w**2 - 12*w + 8. Let p(s) = -3 - 4*s**2 + 4*s + 5*s**2 - 2 + 2. Let a(b) = 8*p(b) + 3*v(b). Give a(-4).
0
Let w(f) = f**3 - 14*f**2 - 13*f + 2. Let p be w(15). Suppose 3*b = -b - p. Let v(i) = i**2 + 9*i + 12. What is v(b)?
4
Let s = 19 + -20. Let z(u) = -u**2 - u - 1. Let c(t) = -2*t**2 - 7*t - 3. Let y(v) = s*c(v) + 3*z(v). Give y(5).
-5
Let y(b) = -5*b**2 - 41*b - 12. Let t be y(-8). Let n(u) = u**2 + 6*u + 1. What is n(t)?
-7
Let j = -930 + 935. Let x(q) = 3*q - 9. What is x(j)?
6
Suppose -5*j + t + 3 = 0, -5*t = -2*j + 7*j - 15. Let b be (j/4)/(19/76). Let q(w) = 4*w + 1. What is q(b)?
5
Suppose -7*o + 91 = 77. Let a(j) = 6*j - 1. Give a(o).
11
Let s(z) = z**3 - z**2 - 4*z - 3. Let r = 216 + -217. Calculate s(r).
-1
Suppose -o + 4 = 2. Let q(n) be the first derivative of -1/4*n**4 + 0*n**3 - 1 + 0*n + n**2. What is q(o)?
-4
Let k(f) = 91325*f**2 - f - 91327*f**2 + 3*f. Suppose 4*y + 8 = -0. Give k(y).
-12
Let w = 10 + 7. Suppose 2*q = -0*q - 3*b + 1, 4*q + b - w = 0. Suppose -2*d - 20 = -q*k, 0*k - 16 = -3*k + 2*d. Let y(m) = m**3 - m + 2. Calculate y(k).
8
Let g(n) = -n**3 - n**2 - 9. Let w(y) = y**2 - 3*y - 1. Let l be w(4). Suppose 10 = l*c + 10. Give g(c).
-9
Let z = -44 - -48. Let f(l) = 0 + 22*l + 2 - z - 20*l. Let t be (-33)/(-7) - 2/(-7). Determine f(t).
8
Let v(x) = x**2 - 20*x + 46. Let u be v(18). Let j(d) = -6*d**3 - 3*d**3 + u*d**3. Calculate j(-1).
-1
Let m(c) be the second derivative of c**4/12 + c**3/6 - 7*c**2/2 + c + 37. What is m(0)?
-7
Suppose -5*b - 26 - 19 = 0. Let w(u) = u**3 + 10*u**2 - 10*u + 3. Let n(o) = -2*o**3 - 21*o**2 + 20*o - 6. Let f(v) = 2*n(v) + 5*w(v). What is f(b)?
12
Let p(f) = 3*f**3 + 10*f**2 - 62*f - 44. Let t(q) = 2*q**3 + 7*q**2 - 41*q - 29. Let w(z) = -5*p(z) + 8*t(z). Determine w(-8).
4
Suppose 13 = 4*z - 7. Let i(k) = 3*k - 2 - k**2 - 4*k - z*k + 3*k. Give i(-4).
-6
Let p(k) = -k**3 - k**2 + k. Suppose 2*x - 60 + 18 = 0. Let u = x - 21. Suppose 0 = -u*r + 3*r + 4*d, 0 = -3*d. Determine p(r).
0
Let y = -22 + 19. Let d(a) = -a + 3. Let w be d(y). Let i(f) = -4 - 4 + w + 5*f - f**3 - 2*f. Determine i(2).
-4
Let w be 2 - (1 - 0 - 0). Suppose 7*t + w = 6*t. Let i(f) = 2*f**2 + 1. Determine i(t).
3
Let y(f) = 2*f - 10. Let t(l) = -2*l + 1. Let o be t(9). Let h = -13 - o. Suppose b - v - 11 = 3*v, 2*b + h*v - 10 = 0. What is y(b)?
4
Let s be 1/(-2)*1*6. Let n(u) = u + 4. Let d(o) = 8. Let x(y) = 7. Let i(r) = -6*d(r) + 7*x(r). Let g(w) = 4*i(w) - n(w). What is g(s)?
3
Let x(l) = -l + 5. Suppose -4 + 2 = -r. Suppose -w - r*w = -24. What is x(w)?
-3
Let p(b) = -b**2 + 6*b + 4. Let v(w) = -w**2 + 5*w + 3. Let i(o) = 2*p(o) - 3*v(o). Let a = -35 - -38. Calculate i(a).
-1
Let j(p) be the second derivative of p**8/3360 - p**7/840 - p**6/180 + p**5/120 + 11*p**4/12 - 2*p. Let k(v) be the third derivative of j(v). Give k(3).
16
Let u(b) be the first derivative of -7*b**2/2 + 64. Calculate u(-1).
7
Suppose 0 = 3*m - 1 + 10. Let o(w) = -w**2 + w - 2. Let l(y) = 5*y**2 - 4*y + 5. Let s(u) = -l(u) - 4*o(u). What is s(m)?
-6
Suppose -3*m + 76 = m. Suppose 4*i + 9 = -0*h - h, h = 3*i + m. Let c(l) = 10 + 2*l**3 - 7*l**2 - 4*l**3 + 6*l - h*l + 3*l**3. Calculate c(7).
3
Let n(d) be the first derivative of d**2/2 - 5*d + 27. Give n(5).
0
Let w be ((-4 - -6) + 2)/(8/6). Let f(m) = -3*m + 2. Give f(w).
-7
Let q(n) = -n**2. Let f(w) = 3*w**2 - 3*w. Let z(v) = -f(v) - 2*q(v). Let t be z(2). Let k(l) = t - 3*l - 1 + 5. Determine k(4).
-6
Let n(h) = -h**2 + 6*h - 3. Suppose -3*i - 2*j = -j + 58, 5*i + 78 = 3*j. Let c = -14 - i. Suppose -c*f + 1 + 15 = 0. What is n(f)?
5
Let r = -17 - -47. Suppose -4*t - 4 = 0, -t = 4*i - 13 + r. Let c(h) = -4*h - 8. Let z(x) = -x - 2. Let a(f) = 2*c(f) - 9*z(f). Calculate a(i).
-2
Let w = -221 + 217. Let r(i) = 4*i + 17. What is r(w)?
1
Let a = -3 - -8. Let i(s) = -12*s + 20. Let y(k) = -5*k + 10. Let t(g) = -2*i(g) + 5*y(g). What is t(a)?
5
Let u(y) be the first derivative of 11*y**2/2 + 27*y + 312. Calculate u(-3).
-6
Suppose -16 = 4*k - 56. Let r(u) = u**2 - 13*u + 11. What is r(k)?
-19
Let h(f) = -f**3 + 4*f**2 + f + 1. Let p(c) = -2*c + 20. Let m be p(8). Suppose m*k - 7 - 9 = 0. Calculate h(k).
5
Let a(r) = -r**3 + 4*r**2 - 5*r + 4. Let g = -6 + 4. Let j be 25/(-10)*g*1. Suppose 14 = 3*n + j. Determine a(n).
-2
Let x(b) = 2*b - 18. Suppose -5*l + j + 45 = 0, -17*l + 45 = -12*l - 3*j. Determine x(l).
0
Let q = 68 + -61. Let f(v) be the first derivative of 2*v**3/3 - 11*v**2/2 + 5*v + 8. Determine f(q).
26
Let o(l) = 2*l - 4. Let j be -5 - ((-2)/(-7) + (-714)/98). Give o(j).
0
Let b be -3*(-5)/(-6 - -1)*-3. Let x(p) = -p - 12. What is x(b)?
-21
Suppose -2*k = -r - 4, r - 3*k + 1 + 3 = 0. Let y = r - -6. Suppose 0*u - 19 = y*u - 3*o, -4*u - 4*o + 12 = 0. Let b(i) = -5*i**2 - 3*i - 2. Calculate b(u).
-16
Let f(u) = u**2 + u - 1. Let y(q) = -q**2. Let l(c) = -9*c**2 - 2*c + 9. Let r(z) = -l(z) + 5*y(z). Let v(g) = -5*f(g) + r(g). Give v(-3).
-4
Let r(k) be the first derivative of -k**4/4 - 5*k**3/3 + 3*k**2 + 4*k - 47. Determine r(-6).
4
Let v(y) = -5 + 3 + y + 2*y**3 + 4. Suppose -5*p = -5*n - 5, -p + 99 = 2*n + 107. Calculate v(p).
-16
Suppose 12 = -256*t + 259*t. Let g be (1/1)/(2/38). Suppose a + t*r = r + g, -4*a - r = -32. Let d(f) = -f**2 + 8*f - 10. Determine d(a).
-3
Let t(n) = n + 8. Let k be t(-3). Suppose -k*v - 25 = 5*c, 0 = -2*c - 2*c + 4*v - 44. Let a(d) = -d**3 - 7*d**2 + 7*d - 6. What is a(c)?
2
Let k(v) be the second derivative of v**3/3 + v**2 + 3*v. Let g be k(0). Let n(m) = -2 + m**g + 0*m**2 + 0*m - 2*m - 1. What is n(-2)?
5
Let m(c) be the first derivative of 5*c**2 + 11*c - 262. Determine m(-1).
1
Suppose -1 = 2*i + r, -27*i + 20*i - 9 = -2*r. Let u(m) = -32*m**3 - 2*m**2 - 2*m - 1. Calculate u(i).
31
Let s(p) = -4*p**2 - p**3 - 1 + 4*p**2 + 4*p - p**2 - 2. Let q(b) = 2*b**3 + 3*b - b**3 + 4 - 8*b. Let y(c) = 3*q(c) + 4*s(c). What is y(-4)?
-4
Suppose 0 = w + 11 - 16. Let p(i) = -3*i - 3*i + 4